et d(x) = -x**3 - x**2 - 3*x - 21. What is d(-3)?
6
Let h(p) = 7*p + 86. Give h(-4).
58
Let l(x) = 2*x**3 - 25*x**2 - 22*x - 278. Calculate l(14).
2
Let t(v) = 1547*v - 17030. Calculate t(11).
-13
Let r(u) = -u**3 + 59*u**2 + 141*u - 1196. Determine r(61).
-37
Let y(z) = -19*z + 215. What is y(9)?
44
Let w(i) = 119*i + 761. Give w(-6).
47
Let j(c) = -c**3 - 2*c**2 + 85*c + 172. Give j(-2).
2
Let j(g) = g**2 + 12*g - 1257. What is j(-42)?
3
Let d(h) = 6*h**2 + 114*h + 2. Calculate d(-20).
122
Let k(h) = -h**3 - 8*h**2 + 21*h + 45. Give k(-9).
-63
Let j(v) = v**3 + 3*v**2 - 71*v + 63. Determine j(5).
-92
Let x(a) = -3*a**3 - 92*a**2 - 230*a - 158. Give x(-28).
10
Let b(o) = -o**3 + 9*o**2 + 25*o - 96. Calculate b(11).
-63
Let u(c) = -7*c**2 - 179*c - 203. What is u(-24)?
61
Let y(j) = 6*j**2 - 37*j + 6. Calculate y(5).
-29
Let z(h) = -160*h + 29. What is z(3)?
-451
Let f(q) = -q**2 + 50*q + 2933. Give f(-35).
-42
Let s(o) = -o**2 - 74*o - 705. Calculate s(-12).
39
Let n(x) = -13*x**3 - 34*x**2 - 30*x + 3. Calculate n(-1).
12
Let i(m) = -m**3 - m**2 + 24*m + 7. Determine i(6).
-101
Let c(l) = -l**3 + 30*l**2 + 29*l + 60. Calculate c(31).
-2
Let p(r) = -33*r - 250. Give p(-7).
-19
Let h(a) = -89*a + 4348. Determine h(47).
165
Let a(p) = -139*p + 227. Determine a(2).
-51
Let x(v) = 142*v - 2952. What is x(21)?
30
Let h(u) = u**3 + 38*u**2 + 338*u + 25. Calculate h(-24).
-23
Let g(f) = -1059*f - 5244. Give g(-5).
51
Let t(h) = 5*h**2 - 20*h - 15. Determine t(6).
45
Let h(q) = -67*q + 561. What is h(9)?
-42
Let n(y) = y**2 + 108*y + 811. What is n(-8)?
11
Let t(p) = 154*p + 18498. Determine t(-120).
18
Let o(g) = 7407*g - 59261. Calculate o(8).
-5
Let g(j) = -92*j - 18346. Determine g(-199).
-38
Let b(c) = 165*c - 3953. Determine b(24).
7
Let i(n) = -52*n + 867. Calculate i(16).
35
Let t(q) = -74*q + 2578. Determine t(35).
-12
Let d(p) = -2*p**2 - 11*p + 459. Give d(-18).
9
Let t(g) = -278*g - 1162. Give t(-5).
228
Let z(s) = s**2 + 83*s - 355. Determine z(-87).
-7
Let n(p) = 75*p - 24821. Determine n(331).
4
Let m(u) = -6415*u - 51311. Determine m(-8).
9
Let v(w) = -2*w**3 - 12*w**2 - 18*w + 7. Give v(-5).
47
Let n(l) = -5*l**3 - 3*l**2 + 18*l + 43. Give n(-4).
243
Let u(z) = -z**2 - 275*z + 9832. Give u(32).
8
Let u(a) = 30*a**2 + 12*a + 14. Determine u(-1).
32
Let i(w) = -4*w**3 + 3*w**2 - 11*w + 1. What is i(3)?
-113
Let s(v) = -3*v**2 - 829*v + 2227. Determine s(-279).
-5
Let q(j) = -j**2 + 132*j - 1649. What is q(14)?
3
Let s(t) = t**2 + 10*t - 14. What is s(-9)?
-23
Let w(z) = -z**3 + 3*z**2 + 16*z - 38. Determine w(2).
-2
Let l(s) = 3184*s + 9562. Determine l(-3).
10
Let j(p) = p**3 - p**2 - 39*p + 97. What is j(3)?
-2
Let r(c) = -c**3 - 9*c**2 + 5*c - 12. What is r(-9)?
-57
Let y(s) = -59*s + 1712. Give y(29).
1
Let m(c) = -41*c + 30. Calculate m(-2).
112
Let y(q) = -q**3 - 23*q**2 - 21*q + 8. Give y(-22).
-14
Let q(j) = -2*j**3 - 32*j**2 - 22*j - 33. What is q(-14)?
-509
Let l(m) = m**2 + 32*m - 1262. Give l(23).
3
Let m(h) = 65*h - 124. What is m(2)?
6
Let i(v) = 39*v**2 + 95*v - 95. What is i(1)?
39
Let u(h) = -h**2 + 1415*h + 11390. What is u(-8)?
6
Let h(r) = -181*r + 2872. Determine h(16).
-24
Let w(l) = 293*l + 27536. What is w(-94)?
-6
Let b(r) = -16*r - 162. Calculate b(-12).
30
Let d(c) = -79*c - 852. Calculate d(-8).
-220
Let h(f) = -f**3 - 9*f**2 - 2*f + 40. Give h(-8).
-8
Let k(z) = z**3 - 3*z**2 - 33*z + 16. Determine k(7).
-19
Let q(i) = 58*i - 1732. Give q(30).
8
Let f(j) = -3*j**3 + 61*j**2 - 70*j - 53. Determine f(19).
61
Let q(y) = 59*y**3 - y**2 + 4*y + 3. Determine q(-2).
-481
Let r(i) = 25*i - 880. Calculate r(35).
-5
Let v(j) = -2*j**3 - 104*j**2 - 42*j - 2169. What is v(-52)?
15
Let i(c) = 2*c**3 - 152*c**2 + 126*c + 1803. Calculate i(75).
3
Let f(v) = -2*v**3 + 27*v**2 - 73*v + 19. What is f(10)?
-11
Let u(k) = -k**2 - 113*k - 2400. Determine u(-87).
-138
Let s(c) = 495*c + 6934. Calculate s(-14).
4
Let a(u) = 13*u - 106. Determine a(-20).
-366
Let k(t) = 2*t**3 + 7*t**2 - 10*t - 35. Give k(-4).
-11
Let a(j) = -j**3 - 11*j**2 - 27*j + 17. Calculate a(-6).
-1
Let y(c) = -c**3 + 33*c**2 + 381*c - 37. Give y(42).
89
Let v(l) = -14*l + 124. Determine v(10).
-16
Let a(j) = 13*j + 253. Give a(-8).
149
Let n(a) = -11*a + 179. Give n(4).
135
Let d(s) = 7*s**2 - 117*s + 38. What is d(16)?
-42
Let o(l) = -2143*l + 2160. Determine o(1).
17
Let b(l) = l**3 + 215*l**2 + 2433*l - 608. Give b(-203).
1
Let t(j) = -j**3 + 19*j**2 - 95*j + 225. Give t(13).
4
Let u(m) = -144*m**2 + 8*m + 6. Determine u(-1).
-146
Let b(t) = -t**3 + 11*t + 52. Calculate b(0).
52
Let u(q) = -q**3 - 9*q**2 + 15*q + 113. Give u(-9).
-22
Let y(p) = -17*p**2 + 257*p - 26. Calculate y(15).
4
Let d(m) = -m**3 - 5*m**2 - 136*m - 537. Determine d(-4).
-9
Let i(s) = 2*s + 59. Calculate i(-15).
29
Let w(r) = 194*r + 2768. Calculate w(-14).
52
Let d(w) = -w**3 + 28*w**2 - 85*w - 22. Calculate d(4).
22
Let v(s) = -s**3 + 65*s**2 - 16*s + 903. Calculate v(65).
-137
Let j(b) = b**2 - 5*b - 151. Determine j(-9).
-25
Let t(z) = -z**2 + 49*z - 470. Determine t(34).
40
Let b(g) = 4*g**2 + 123*g - 23. What is b(-27)?
-428
Let n(p) = 2*p**3 + 32*p**2 + 77*p - 14. What is n(-13)?
-1
Let r(n) = -42*n - 485. What is r(-12)?
19
Let n(v) = -21*v + 305. Give n(-25).
830
Let z(u) = -u**2 - 29*u + 314. Calculate z(9).
-28
Let n(o) = -2*o**3 + 116*o**2 - 231*o - 56. Give n(56).
-448
Let p(j) = -j**2 + 4*j - 384. Calculate p(0).
-384
Let f(d) = 76*d - 2317. What is f(31)?
39
Let p(s) = s**3 + 145*s**2 - 14*s - 1981. Determine p(-145).
49
Let z(s) = -s**3 + 8*s**2 + 12*s - 18. What is z(3)?
63
Let r(o) = -o**3 + 91*o**2 + 89*o + 8. Determine r(92).
-268
Let w(i) = 4*i**3 + 42*i**2 + 88*i - 6. Calculate w(-3).
0
Let p(w) = -17*w - 142. Calculate p(-15).
113
Let n(x) = -10*x**3 + 9*x**2 + 24*x + 12. What is n(-2)?
80
Let u(o) = -o**3 + 44*o**2 - 18*o + 807. Calculate u(44).
15
Let y(h) = -h**2 + 21*h - 197. What is y(7)?
-99
Let f(w) = 9*w**2 - 46*w + 50. Calculate f(3).
-7
Let y(n) = -n**2 - 39*n + 344. Give y(-41).
262
Let h(w) = -323*w - 1712. Calculate h(-5).
-97
Let x(u) = u**2 + 2913*u + 49227. Give x(-17).
-5
Let n(o) = 47*o**2 - 9*o + 13. Give n(2).
183
Let t(c) = -4*c**2 - 534*c + 12623. What is t(-154)?
-5
Let i(z) = z**3 - 12*z**2 + 18*z + 88. What is i(-2)?
-4
Let i(k) = -k**2 - 38*k + 545. What is i(-54)?
-319
Let m(l) = -11*l**3 - 456*l**2 - 206*l - 50. Determine m(-41).
-9
Let s(j) = -j**3 - 80*j**2 - 15*j - 1188. Give s(-80).
12
Let b(z) = -5*z - 36. Calculate b(-6).
-6
Let c(s) = 72*s + 251. Calculate c(-7).
-253
Let h(a) = 283*a + 9616. Determine h(-34).
-6
Let i(j) = -j**2 - 94*j - 1101. Determine i(-14).
19
Let y(g) = 8*g + 38. Give y(55).
478
Let u(a) = -179*a - 205. What is u(-1)?
-26
Let m(o) = -930*o - 2815. Calculate m(-3).
-25
Let b(d) = -2*d**2 + 49*d - 292. What is b(14)?
2
Let i(a) = a**3 - 8*a**2 - 65*a + 505. Determine i(7).
1
Let h(v) = -35*v**2 + 2*v - 11. Calculate h(2).
-147
Let j(g) = -5*g - 278. Determine j(-56).
2
Let y(w) = -10*w**2 - 10*w + 1. Calculate y(-6).
-299
Let l(k) = -880*k**2 - 14*k + 2. Give l(1).
-892
Let h(b) = 3*b**2 - 170*b + 69. Determine h(56).
-43
Let b(k) = -3*k**2 - 34*k + 57. Determine b(-12).
33
Let m(x) = -488*x - 34185. Calculate m(-70).
-25
Let y(s) = -47*s**2 + 65*s + 66. Determine y(-1).
-46
Let u(h) = -42*h + 294. What is u(7)?
0
Let h(j) = -j**2 - 18*j - 73. Calculate h(-13).
-8
Let d(w) = w - 53. Determine d(-12).
-65
Let s(y) = 53*y**2 + 17*y + 18. Give s(-2).
196
Let v(h) = -6187*h + 216554. Give v(35).
9
Let v(z) = z**3 - 19*z**2 + 16*z + 45. Give v(18).
9
Let s(i) = 77*i - 264. Give s(8).
352
Let u(g) = 3*g**3 + 13*g**2 + 11*g - 2. What is u(-5)?
-107
Let n(z) = 4*z**3 - 2*z**2 - 22*z + 11. What is n(-3)?
-49
Let d(v) = -52*v - 162. Calculate d(-3).
-6
Let o(l) = -l**3 + 5*l**2 - 354*l + 2155. Determine o(6).
-5
Let z(f) = f**2 + 43*f - 169. Give z(-48).
71
Let d(c) = c**2 + 180*c - 3. Calculate d(-180).
-3
Let k(x) = 7*x**2 - 60*x + 132. Calculate k(3).
15
Let o(d) = -5*d - 207. Determine o(-16).
-127
Let h(s) = 5*s**2 + 54*s - 651. Calculate h(7).
-28
Let q(l) = 7*l + 89. Determine q(-5).
54
Let l(w) = -3388*w - 3385. Calculate l(-1).
3
Let h(x) = 18*x - 1112. Calculate h(62).
4
Let r(v) = -v**3 + 5*v**2 + 2